{"id":21,"date":"2025-09-08T13:00:30","date_gmt":"2025-09-08T13:00:30","guid":{"rendered":"https:\/\/scoalacajvana.ro\/?page_id=21"},"modified":"2025-09-08T13:00:30","modified_gmt":"2025-09-08T13:00:30","slug":"simpozion-armonie-2024","status":"publish","type":"page","link":"https:\/\/scoalacajvana.ro\/?page_id=21","title":{"rendered":"Simpozion Armonie 2024"},"content":{"rendered":"\n<p><\/p>\n\n\n\n<p>SIMPOZION INTERNA\u021aIONAL<\/p>\n\n\n\n<p>\u201eArmonie prin joc \u0219i c\u00e2nt, port \u0219i cuv\u00e2nt\u201d<\/p>\n\n\n\n<p>Edi\u021bia a XII-a<\/p>\n\n\n\n<p>9 martie 2024<\/p>\n\n\n\n<p>Nume proiect: \u201eArmonie prin joc \u0219i c\u00e2nt, port \u0219i cuv\u00e2nt\u201d<\/p>\n\n\n\n<p>Organizatori: Liceul Tehnologic \u201e\u0218tefan cel Mare\u201d Cajvana,&nbsp;Gr\u0103dini\u021ba cu Program Normal \u201eStej\u0103relul\u201d Cajvana<\/p>\n\n\n\n<p>Condi\u021bii de participare: direct\u0103\/indirect\u0103<\/p>\n\n\n\n<p>Perioad\u0103 de \u00eenscriere: 19.02.2024 \u2013 8.03.2024 (<a href=\"https:\/\/scoalacajvana.ro\/wp-content\/uploads\/2025\/09\/0_formular_de_inscriere_Armonie_2025.pdf\" target=\"_blank\" rel=\"noreferrer noopener\">FORMULAR INSCRIERE<\/a>)<\/p>\n\n\n\n<p>Perioad\u0103 de desf\u0103\u0219urare: 09.03.2024<\/p>\n\n\n\n<p>Tema:&nbsp;<strong><em>\u201eDansul \u0219i portul popular-manifest\u0103ri ale spiritului \u0219i identit\u0103\u021bii na\u021bionale\u201d<\/em><\/strong><\/p>\n\n\n\n<p>Scopul: Dezvoltarea \u0219i men\u021binerea interesului pentru conservarea dansului \u0219i portului popular, ca \u0219i mijloace de transmitere a valorilor culturale.<\/p>\n\n\n\n<p>Obiective:<\/p>\n\n\n\n<ul class=\"wp-block-list\">\n<li>Manifestarea admira\u021biei fa\u021b\u0103 de arta popular\u0103 exprimat\u0103 prin dansul \u0219i portul popular din diferite zone folclorice.<\/li>\n\n\n\n<li>Formarea deprinderii de a g\u00e2ndi critic \u0219i autocritic pentru a face deosebire dintre valoarea \u0219i nonvaloare a artei populare.<\/li>\n\n\n\n<li>Cultivarea sentimentului de m\u00e2ndrie \u0219i pre\u021buire fa\u021b\u0103 de \u00eenainta\u0219ii care se reuneau pentru a lucra \u0219i a se bucura de lucrul manual \u00een cadrul unor \u00eent\u00e2lniri numite \u0219ez\u0103tori.<\/li>\n\n\n\n<li>Consolidarea colabor\u0103rii \u00eentre \u0219coal\u0103-familie-comunitate \u00een scopul aprecierii valorilor tradi\u021bionale.<\/li>\n<\/ul>\n\n\n\n<p>Sec\u021biunile simpozionului:<\/p>\n\n\n\n<ul class=\"wp-block-list\">\n<li>\u00d8\u00a0<em>Pentru cadrele didactice<\/em><\/li>\n<\/ul>\n\n\n\n<p><em>Sec\u021biunea I:&nbsp;<\/em>participare direct\u0103\/indirect\u0103<\/p>\n\n\n\n<p><strong><em>Dansul popular, manifestare a spiritului \u0219i identit\u0103\u021bii na\u021bionale(referate, eseuri, proiecte educa\u021bionale, proiecte didactice, activit\u0103\u021bi extra\u0219colare, etc)<\/em><\/strong><\/p>\n\n\n\n<p><em>Sec\u021biunea II:<\/em>&nbsp;participare direct\u0103\/indirect\u0103<\/p>\n\n\n\n<p><strong>\u201ePortul popular tradi\u021bional de ieri \u0219i de azi\u201d(referate, eseuri, proiecte educa\u021bionale, proiecte didactice,<em> activit\u0103\u021bi extra\u0219colare, etc)<\/em><\/strong><\/p>\n\n\n\n<p><em>Sec\u021biunea III:&nbsp;<\/em> participare direct\u0103<\/p>\n\n\n\n<p><strong><em>\u201eCostume populare vechi \u0219i noi\u201d<\/em><\/strong><strong><em>&#8211; expozi\u021bie de costume populare \u0219i fotografii.<\/em><\/strong><\/p>\n\n\n\n<ul class=\"wp-block-list\">\n<li>\u00d8\u00a0Pentru elevi:<\/li>\n<\/ul>\n\n\n\n<p><em>Sec\u021biunea I:&nbsp;<\/em>participare direct\u0103\/indirect\u0103<\/p>\n\n\n\n<p><strong>\u201e\u00cen atelierul de crea\u021bie popular\u0103\u201d<\/strong><\/p>\n\n\n\n<p>Lucr\u0103ri artistico-plastice (colaje cu motive tradi\u021bional, cus\u0103turi, semne de carte, machete, desene, picturi, etc)<\/p>\n\n\n\n<p>Colaboratori:<\/p>\n\n\n\n<ul class=\"wp-block-list\">\n<li><strong>Inspectoratul \u0218colar Jude\u021bean Suceava<\/strong><\/li>\n\n\n\n<li><strong>Casa Corpului Didactic \u201eGeorge Tofan\u201d Suceava<\/strong><\/li>\n\n\n\n<li><strong>Prim\u0103ria Ora\u0219ului Cajvana<\/strong><\/li>\n\n\n\n<li><strong>USV Suceava<\/strong><\/li>\n\n\n\n<li><strong>Parohia \u201eSf. Mihail \u0219i Gavril\u201d Cajvana<\/strong><\/li>\n\n\n\n<li><strong>Parohia \u201eNa\u0219terea Maicii Domnului\u201d Cajvana<\/strong><\/li>\n\n\n\n<li><strong>Liceul Teoretic \u201ePan Halipa\u201d Edine\u021b Rep. Moldova<\/strong><\/li>\n\n\n\n<li><strong>Liceul &#8220;Alexandru Ilschi&#8221; Crasna, Rep. Ucraina<\/strong><\/li>\n\n\n\n<li><strong>Liceul \u201c\u0218tefan cel Mare \u0219i Sf\u00e2nt\u201d Ropcea,\u00a0Rep. Ucraina<\/strong><\/li>\n<\/ul>\n\n\n\n<p>Preciz\u0103ri \u0219i condi\u021bii de participare:<\/p>\n\n\n\n<p>\u2022 \u00censcrierea participan\u021bilor se va face p\u00e2n\u0103 pe data de<strong>&nbsp;6 martie 2024 &nbsp;(data po\u0219tei)<\/strong>, prin e-mail la adresa&nbsp;<strong>simpozionarmonie@scoalacajvana.ro<\/strong>, pe baza lucr\u0103rii \u00een format electronic \u0219i a copiei scanate dup\u0103 chitan\u021ba prin care a fost achitat\u0103 taxa de participare.<\/p>\n\n\n\n<p>\u2022 Formularul de \u00eenscriere, copia chitan\u0163ei de achitare a taxei de participare \u0219i lucrarea propriu-zis\u0103 &nbsp;se vor trimite simultan, dar ca documente separate;<\/p>\n\n\n\n<p>\u2022 \u00cen situa\u021bia existen\u021bei a doi sau mai mul\u021bi autori ai unei lucr\u0103ri, vor fi completate at\u00e2tea formulare de &nbsp;\u00eenscriere, c\u00e2\u021bi autori sunt \u0219i vor fi achitate tot at\u00e2tea taxe de participare;<\/p>\n\n\n\n<p>\u2022 Taxa de participare si&nbsp; lucr\u0103rile copiilor (maxim 3) vor fi trimise prin po\u0219ta,&nbsp;<strong>\u00ceMPREUN\u0102 CU UN PLIC AUTOADRESAT SI TIMBRAT \u2013 CONDI\u021aIE OBLIGATORIE (ASTFEL NU R\u0102SPUNDEM PENTRU PRIMIREA MAPEI SIMPOZIONULUI) la adresa: IACOBAN VIORICA, LOC. CAJVANA, JUD. SUCEAVA, STR. PRINCIPAL\u0102, NR. 1990D,COD. 727100<\/strong>. Pe spatele lucr\u0103rii vor fi trecute: numele \u015fi prenumele copilului, v\u00e2rsta, \u0219coala de unde provine \u0219i numele cadrului didactic \u00eendrum\u0103tor<\/p>\n\n\n\n<p>\u2022 Participan\u021bii \u00eenscri\u0219i \u00een termenul prev\u0103zut vor fi cuprin\u0219i \u00een programul simpozionului;<\/p>\n\n\n\n<p>\u2022 Pentru prezentarea &nbsp;la simpozion, participan\u021bii vor avea asupra lor un exemplar al lucr\u0103rii sau dup\u0103 caz, o prezentare POWER POINT, CLIP MEDIA etc. ;<\/p>\n\n\n\n<p>Lucr\u0103rile vor fi redactate respect\u00e2ndu-se urm\u0103toarele repere:<\/p>\n\n\n\n<p>\u2022 Lucr\u0103rile vor fi redactate \u00een Microsoft Office WORD (nu in alte editoare de text gen Open Office, LibreOffice), cu font de 12, Times New Roman, spa\u021biere \u00eentre r\u00e2nduri de 1,5 cm, format A4 cu margini de 2,5 cm, maximum 4 pagini.&nbsp;<\/p>\n\n\n\n<p>\u2022 Vor fi acceptate lucr\u0103ri \u00een limba rom\u00e2n\u0103. Se vor respecta regulile de ortografie din limba de redactare (lucr\u0103rile care nu vor fi redactate cu diacritice vor fi descalificate).<\/p>\n\n\n\n<p>Feed-back-ul simpozionului va fi &nbsp;realizat prin:<\/p>\n\n\n\n<p>&#8211; concluzii sintetizatoare asupra modului de alegere si prezentare a temelor &nbsp;pe sec\u021biuni;<\/p>\n\n\n\n<p>&#8211; mape care vor cuprinde:<\/p>\n\n\n\n<p>&#8211; programul simpozionului;<\/p>\n\n\n\n<p>&#8211; diploma de participare cu titlul lucr\u0103rii;<\/p>\n\n\n\n<p>&#8211; diplome cu premii (I,II,III) pentru elevi \u0219i pre\u0219colari;<\/p>\n\n\n\n<p>&#8211; adeverin\u021b\u0103 pentru cadrul didactic pentru preg\u0103tirea \u0219i coordonarea lucr\u0103rilor elevilor pentru concursul din cadrul simpozionului;<\/p>\n\n\n\n<p>&#8211; volumul de lucr\u0103ri publicat \u00een revista ,,Fream\u0103tul stejarului\u201d in format electronic-CD cu ISBN.<\/p>\n\n\n\n<p>\u2022 Taxa de participare va acoperi cheltuielile pentru:<\/p>\n\n\n\n<p>&#8211;&nbsp;&nbsp;&nbsp;&nbsp;&nbsp;&nbsp; alc\u0103tuirea mapelor simpozionului;<\/p>\n\n\n\n<p>&#8211;&nbsp;&nbsp;&nbsp;&nbsp;&nbsp;&nbsp; editarea programelor;<\/p>\n\n\n\n<p>&#8211;&nbsp;&nbsp;&nbsp;&nbsp;&nbsp;&nbsp; realizarea diplomelor de participare pentru cadrele didactice;<\/p>\n\n\n\n<p>&#8211;&nbsp;&nbsp;&nbsp;&nbsp;&nbsp;&nbsp; realizarea diplomelor de participare pentru elevi, pentru \u0219colari;<\/p>\n\n\n\n<p>&#8211;&nbsp;&nbsp;&nbsp;&nbsp;&nbsp;&nbsp; protocolul de organizare \u0219i desf\u0103\u0219urare;<\/p>\n\n\n\n<p>&#8211;&nbsp;&nbsp;&nbsp;&nbsp;&nbsp;&nbsp; adeverin\u021bele pentru cadrele didactice;<\/p>\n\n\n\n<p>&#8211;&nbsp;&nbsp;&nbsp;&nbsp;&nbsp;&nbsp; editarea volumului de &nbsp;lucr\u0103ri \u00een format electronic, etc.<\/p>\n\n\n\n<p><strong>Taxa de participare va fi \u00een cuantum de 50 RON \/ persoan\u0103 \u0219i va fi perceput\u0103 fiec\u0103rui autor \/ coautor.<\/strong><\/p>\n\n\n\n<p><strong>Aceasta va fi achitat\u0103 prin mandat po\u0219tal, la adresa: IACOBAN VIORICA, LOC. CAJVANA, JUD. SUCEAVA, STR. PRINCIPAL\u0102, NR. 1990D, COD. 727100<\/strong>.<\/p>\n\n\n\n<p>Pentru lucr\u0103rile copiilor nu se percepe tax\u0103.<\/p>\n\n\n\n<ul class=\"wp-block-list\">\n<li>Informa\u021bi suplimentare la urm\u0103toarele persoane de contact:\n<ul class=\"wp-block-list\">\n<li><strong>\u00a0Pentru \u00eenv\u0103\u021b\u0103m\u00e2ntul pre\u0219colar: ED. UNGUREAN LILIANA 0751153482,\u00a0<\/strong><strong>ED. IACOBAN VIORICA 0740506037<\/strong><\/li>\n<\/ul>\n<\/li>\n<\/ul>\n\n\n\n<ul class=\"wp-block-list\">\n<li><strong>\u00a0Pentru \u00eenv\u0103\u021b\u0103m\u00e2ntul primar: PROF. TOMU\u0162 CRISTINA 0748316367<\/strong><\/li>\n\n\n\n<li><strong>\u00a0Pentru \u00eenv\u0103\u021b\u0103m\u00e2ntul gimnazial: PROF. CR\u0102CIUN P\u00ce\u0162U CRISTINA 0749878153<\/strong><\/li>\n\n\n\n<li><strong>\u00a0Pentru \u00eenv\u0103\u021b\u0103m\u00e2ntul liceal: PROF. CIOTU IULIAN 0744502798<\/strong><\/li>\n<\/ul>\n\n\n\n<p><\/p>\n","protected":false},"excerpt":{"rendered":"<p>SIMPOZION INTERNA\u021aIONAL \u201eArmonie prin joc \u0219i c\u00e2nt, port \u0219i cuv\u00e2nt\u201d Edi\u021bia a XII-a 9 martie 2024 Nume proiect: \u201eArmonie prin joc \u0219i c\u00e2nt, port \u0219i cuv\u00e2nt\u201d Organizatori: Liceul Tehnologic \u201e\u0218tefan cel Mare\u201d Cajvana,&nbsp;Gr\u0103dini\u021ba cu Program Normal \u201eStej\u0103relul\u201d Cajvana Condi\u021bii de participare: direct\u0103\/indirect\u0103 Perioad\u0103 de \u00eenscriere: 19.02.2024 \u2013 8.03.2024 (FORMULAR INSCRIERE) Perioad\u0103 de desf\u0103\u0219urare: 09.03.2024 Tema:&nbsp;\u201eDansul [&hellip;]<\/p>\n","protected":false},"author":1,"featured_media":0,"parent":0,"menu_order":0,"comment_status":"closed","ping_status":"closed","template":"","meta":{"footnotes":""},"class_list":["post-21","page","type-page","status-publish","hentry"],"_links":{"self":[{"href":"https:\/\/scoalacajvana.ro\/index.php?rest_route=\/wp\/v2\/pages\/21","targetHints":{"allow":["GET"]}}],"collection":[{"href":"https:\/\/scoalacajvana.ro\/index.php?rest_route=\/wp\/v2\/pages"}],"about":[{"href":"https:\/\/scoalacajvana.ro\/index.php?rest_route=\/wp\/v2\/types\/page"}],"author":[{"embeddable":true,"href":"https:\/\/scoalacajvana.ro\/index.php?rest_route=\/wp\/v2\/users\/1"}],"replies":[{"embeddable":true,"href":"https:\/\/scoalacajvana.ro\/index.php?rest_route=%2Fwp%2Fv2%2Fcomments&post=21"}],"version-history":[{"count":1,"href":"https:\/\/scoalacajvana.ro\/index.php?rest_route=\/wp\/v2\/pages\/21\/revisions"}],"predecessor-version":[{"id":22,"href":"https:\/\/scoalacajvana.ro\/index.php?rest_route=\/wp\/v2\/pages\/21\/revisions\/22"}],"wp:attachment":[{"href":"https:\/\/scoalacajvana.ro\/index.php?rest_route=%2Fwp%2Fv2%2Fmedia&parent=21"}],"curies":[{"name":"wp","href":"https:\/\/api.w.org\/{rel}","templated":true}]}}